{"id":216,"date":"2020-09-30T17:00:53","date_gmt":"2020-09-30T15:00:53","guid":{"rendered":"http:\/\/www.radiokalon.fr\/?page_id=216"},"modified":"2021-11-10T12:27:53","modified_gmt":"2021-11-10T11:27:53","slug":"on-parle-de-nous","status":"publish","type":"page","link":"https:\/\/radiokalon.com\/index.php\/partenaires\/on-parle-de-nous\/","title":{"rendered":"On parle de nous"},"content":{"rendered":"\n<h3 class=\"wp-block-heading\">sur France 3<\/h3>\n\n\n<p><iframe loading=\"lazy\" src=\"https:\/\/www.facebook.com\/plugins\/video.php?href=https%3A%2F%2Fwww.facebook.com%2Fkengobzh%2Fvideos%2F2411166382524850%2F&amp;show_text=0&amp;width=560\" style=\"border:none;overflow:hidden\" scrolling=\"no\" allowtransparency=\"true\" allowfullscreen=\"true\" width=\"560\" height=\"420\" frameborder=\"0\"><\/iframe><\/p>\n\n\n\n<h2 class=\"wp-block-heading\">Radio KALON Laur\u00e9at de la Fondation AG2R LA MONDIALE avec le prix  &#8220;Coup de Coeur&#8221;<\/h2>\n\n\n\n<figure class=\"wp-block-image size-large\"><img loading=\"lazy\" decoding=\"async\" width=\"1024\" height=\"679\" src=\"https:\/\/radiokalon-wp.kaz.bzh\/wp-content\/uploads\/2021\/11\/Prix-AG2R-La-Mondiale-1024x679.jpg\" alt=\"\" class=\"wp-image-817\" srcset=\"https:\/\/radiokalon.com\/wp-content\/uploads\/2021\/11\/Prix-AG2R-La-Mondiale-1024x679.jpg 1024w, https:\/\/radiokalon.com\/wp-content\/uploads\/2021\/11\/Prix-AG2R-La-Mondiale-300x199.jpg 300w, https:\/\/radiokalon.com\/wp-content\/uploads\/2021\/11\/Prix-AG2R-La-Mondiale-768x509.jpg 768w, https:\/\/radiokalon.com\/wp-content\/uploads\/2021\/11\/Prix-AG2R-La-Mondiale-1536x1019.jpg 1536w, https:\/\/radiokalon.com\/wp-content\/uploads\/2021\/11\/Prix-AG2R-La-Mondiale-452x300.jpg 452w, https:\/\/radiokalon.com\/wp-content\/uploads\/2021\/11\/Prix-AG2R-La-Mondiale.jpg 1600w\" sizes=\"auto, (max-width: 1024px) 100vw, 1024px\" \/><figcaption>Radio Kalon avec les autres laur\u00e9ats de la fondation AG2R LA MONDIALE, le 21 septembre 2021 lors des troph\u00e9es r\u00e9gionaux des initiatives sociales et solidaires R\u00e9gion Bretagne &#8211; Pays de la Loire.<\/figcaption><\/figure>\n\n\n\n<p><\/p>\n\n\n\n<p><\/p>\n\n\n\n<p><\/p>\n\n\n\n<h2 class=\"wp-block-heading\">Radio KALON laur\u00e9at de la fondation Banque Populaire Grand Ouest <\/h2>\n\n\n\n<h3 class=\"wp-block-heading\">dans Ouest-France<\/h3>\n\n\n<a href=\"https:\/\/radiokalon-wp.kaz.bzh\/wp-content\/uploads\/2021\/11\/Article-Ouest-France-VANNES-26-02-2021.pdf\" class=\"pdfemb-viewer\" style=\"\" data-width=\"max\" data-height=\"max\" data-toolbar=\"top\" data-toolbar-fixed=\"on\">Article-Ouest-France-VANNES-26-02-2021<\/a>\n<p class=\"wp-block-pdfemb-pdf-embedder-viewer\"><\/p>\n\n\n<a href=\"https:\/\/radiokalon-wp.kaz.bzh\/wp-content\/uploads\/2020\/10\/Article-OUEST-FRANCE-LANNION.pdf\" class=\"pdfemb-viewer\" style=\"\" data-width=\"max\" data-height=\"max\" data-toolbar=\"top\" data-toolbar-fixed=\"on\">Article-OUEST-FRANCE-LANNION<\/a>\n<p class=\"wp-block-pdfemb-pdf-embedder-viewer\"><\/p>\n\n\n\n<h3 class=\"wp-block-heading\">dans la gazette d&#8217;Emmaus Pays de Vannes<\/h3>\n\n\n\n<figure class=\"wp-block-image size-large\"><img loading=\"lazy\" decoding=\"async\" width=\"881\" height=\"695\" src=\"https:\/\/radiokalon-wp.kaz.bzh\/wp-content\/uploads\/2020\/10\/Gazette-Emmaus-Vannes-Extrait.jpg\" alt=\"\" class=\"wp-image-223\" srcset=\"https:\/\/radiokalon.com\/wp-content\/uploads\/2020\/10\/Gazette-Emmaus-Vannes-Extrait.jpg 881w, https:\/\/radiokalon.com\/wp-content\/uploads\/2020\/10\/Gazette-Emmaus-Vannes-Extrait-300x237.jpg 300w, https:\/\/radiokalon.com\/wp-content\/uploads\/2020\/10\/Gazette-Emmaus-Vannes-Extrait-768x606.jpg 768w, https:\/\/radiokalon.com\/wp-content\/uploads\/2020\/10\/Gazette-Emmaus-Vannes-Extrait-380x300.jpg 380w\" sizes=\"auto, (max-width: 881px) 100vw, 881px\" \/><\/figure>\n\n\n\n<p><\/p>\n\n\n\n<p><\/p>\n","protected":false},"excerpt":{"rendered":"<p>sur France 3 Radio KALON Laur\u00e9at de la Fondation AG2R LA MONDIALE avec le prix &#8220;Coup de Coeur&#8221; Radio KALON laur\u00e9at de la fondation Banque Populaire Grand Ouest dans Ouest-France dans la gazette d&#8217;Emmaus Pays de Vannes<\/p>\n","protected":false},"author":1,"featured_media":0,"parent":30,"menu_order":0,"comment_status":"closed","ping_status":"closed","template":"","meta":{"footnotes":""},"class_list":["post-216","page","type-page","status-publish","hentry"],"_links":{"self":[{"href":"https:\/\/radiokalon.com\/index.php\/wp-json\/wp\/v2\/pages\/216","targetHints":{"allow":["GET"]}}],"collection":[{"href":"https:\/\/radiokalon.com\/index.php\/wp-json\/wp\/v2\/pages"}],"about":[{"href":"https:\/\/radiokalon.com\/index.php\/wp-json\/wp\/v2\/types\/page"}],"author":[{"embeddable":true,"href":"https:\/\/radiokalon.com\/index.php\/wp-json\/wp\/v2\/users\/1"}],"replies":[{"embeddable":true,"href":"https:\/\/radiokalon.com\/index.php\/wp-json\/wp\/v2\/comments?post=216"}],"version-history":[{"count":12,"href":"https:\/\/radiokalon.com\/index.php\/wp-json\/wp\/v2\/pages\/216\/revisions"}],"predecessor-version":[{"id":830,"href":"https:\/\/radiokalon.com\/index.php\/wp-json\/wp\/v2\/pages\/216\/revisions\/830"}],"up":[{"embeddable":true,"href":"https:\/\/radiokalon.com\/index.php\/wp-json\/wp\/v2\/pages\/30"}],"wp:attachment":[{"href":"https:\/\/radiokalon.com\/index.php\/wp-json\/wp\/v2\/media?parent=216"}],"curies":[{"name":"wp","href":"https:\/\/api.w.org\/{rel}","templated":true}]}}